{"id":1345,"date":"2023-06-01T15:08:51","date_gmt":"2023-06-01T13:08:51","guid":{"rendered":"https:\/\/www.tewoo.sk\/?post_type=product&#038;p=1345"},"modified":"2024-08-15T09:01:57","modified_gmt":"2024-08-15T07:01:57","slug":"pismeno-policka-na-stenu","status":"publish","type":"product","link":"https:\/\/tewoo.sk\/?product=pismeno-policka-na-stenu","title":{"rendered":"Poli\u010dka &#8211; P\u00cdSMENO"},"content":{"rendered":"<p>Poli\u010dka\/poli\u010dky v tvare p\u00edsmena, vhodn\u00e1 na drobn\u00e9 hra\u010dky \u010di dekor\u00e1cie.<\/p>\n<p>V ponuke n\u00e1jdete 26 r\u00f4znych p\u00edsmen kde v\u0161etky maj\u00fa rovnak\u00fa v\u00fd\u0161ku a rovnako v\u00fd\u0161kovo rozmiestenen\u00e9 police.<\/p>\n<p>V\u00fd\u0161ka p\u00edsmen je v\u017edy 56cm, h\u013abka pol\u00edc 8cm .&nbsp;<\/p>\n<p>Po\u010det pol\u00edc, ich&nbsp; \u0161\u00edrka a celkov\u00e1 \u0161\u00edrka cel\u00e9ho p\u00edsmena z\u00e1le\u017e\u00ed od konkr\u00e9tneho p\u00edsma. V pr\u00edpade z\u00e1ujmu mi nev\u00e1hajte nap\u00edsa\u0165 a dod\u00e1m presn\u00e9 rozmery.<\/p>\n<p>Poli\u010dku je mo\u017en\u00e9 natrie\u0165 farebne, alebo necha\u0165 v pr\u00edrodnom odtieni dreva (n\u00e1ter iba bezfarebn\u00fdm olejom)<\/p>\n<p>Farby viem \u013eubovo\u013ene nakombinova\u0165.<\/p>\n<p>Uveden\u00e1 cena je za 1ks poli\u010dky a plat\u00ed jednotne na v\u0161etky typy\/P\u00edsmena<\/p>\n","protected":false},"excerpt":{"rendered":"<p>Poli\u010dka\/poli\u010dky v tvare p\u00edsmena, vhodn\u00e1 na drobn\u00e9 hra\u010dky \u010di dekor\u00e1cie. V ponuke n\u00e1jdete 26 r\u00f4znych p\u00edsmen kde v\u0161etky maj\u00fa rovnak\u00fa v\u00fd\u0161ku a rovnako v\u00fd\u0161kovo rozmiestenen\u00e9 police. V\u00fd\u0161ka p\u00edsmen je v\u017edy 56cm, h\u013abka pol\u00edc 8cm .&nbsp; Po\u010det pol\u00edc, ich&nbsp; \u0161\u00edrka a celkov\u00e1 \u0161\u00edrka cel\u00e9ho p\u00edsmena z\u00e1le\u017e\u00ed od konkr\u00e9tneho p\u00edsma. V pr\u00edpade z\u00e1ujmu mi nev\u00e1hajte nap\u00edsa\u0165 a [&hellip;]<\/p>\n","protected":false},"featured_media":1347,"comment_status":"open","ping_status":"closed","template":"","meta":{"_monsterinsights_skip_tracking":false,"_monsterinsights_sitenote_active":false,"_monsterinsights_sitenote_note":"","_monsterinsights_sitenote_category":0,"ngg_post_thumbnail":0},"product_brand":[],"product_cat":[43],"product_tag":[],"class_list":{"0":"post-1345","1":"product","2":"type-product","3":"status-publish","4":"has-post-thumbnail","6":"product_cat-policky-pre-deti","8":"first","9":"onbackorder","10":"shipping-taxable","11":"purchasable","12":"product-type-simple"},"yoast_head":"<!-- This site is optimized with the Yoast SEO plugin v27.4 - https:\/\/yoast.com\/product\/yoast-seo-wordpress\/ -->\n<title>Poli\u010dka - P\u00cdSMENO - Tom\u00e1\u0161 Bodn\u00e1r TeWoo<\/title>\n<meta name=\"robots\" content=\"index, follow, max-snippet:-1, max-image-preview:large, max-video-preview:-1\" \/>\n<link rel=\"canonical\" href=\"https:\/\/tewoo.sk\/?product=pismeno-policka-na-stenu\" \/>\n<meta property=\"og:locale\" content=\"sk_SK\" \/>\n<meta property=\"og:type\" content=\"article\" \/>\n<meta property=\"og:title\" content=\"Poli\u010dka - P\u00cdSMENO - Tom\u00e1\u0161 Bodn\u00e1r TeWoo\" \/>\n<meta property=\"og:description\" content=\"Poli\u010dka\/poli\u010dky v tvare p\u00edsmena, vhodn\u00e1 na drobn\u00e9 hra\u010dky \u010di dekor\u00e1cie. V ponuke n\u00e1jdete 26 r\u00f4znych p\u00edsmen kde v\u0161etky maj\u00fa rovnak\u00fa v\u00fd\u0161ku a rovnako v\u00fd\u0161kovo rozmiestenen\u00e9 police. V\u00fd\u0161ka p\u00edsmen je v\u017edy 56cm, h\u013abka pol\u00edc 8cm .&nbsp; Po\u010det pol\u00edc, ich&nbsp; \u0161\u00edrka a celkov\u00e1 \u0161\u00edrka cel\u00e9ho p\u00edsmena z\u00e1le\u017e\u00ed od konkr\u00e9tneho p\u00edsma. V pr\u00edpade z\u00e1ujmu mi nev\u00e1hajte nap\u00edsa\u0165 a [&hellip;]\" \/>\n<meta property=\"og:url\" content=\"https:\/\/tewoo.sk\/?product=pismeno-policka-na-stenu\" \/>\n<meta property=\"og:site_name\" content=\"Tom\u00e1\u0161 Bodn\u00e1r TeWoo\" \/>\n<meta property=\"article:publisher\" content=\"https:\/\/www.facebook.com\/tewoo.sk\" \/>\n<meta property=\"article:modified_time\" content=\"2024-08-15T07:01:57+00:00\" \/>\n<meta property=\"og:image\" content=\"https:\/\/tewoo.sk\/wp-content\/uploads\/2023\/06\/Policky_pismena_rozmery.jpg\" \/>\n\t<meta property=\"og:image:width\" content=\"820\" \/>\n\t<meta property=\"og:image:height\" content=\"819\" \/>\n\t<meta property=\"og:image:type\" content=\"image\/jpeg\" \/>\n<meta name=\"twitter:card\" content=\"summary_large_image\" \/>\n<meta name=\"twitter:label1\" content=\"Predpokladan\u00fd \u010das \u010d\u00edtania\" \/>\n\t<meta name=\"twitter:data1\" content=\"1 min\u00fata\" \/>\n<script type=\"application\/ld+json\" class=\"yoast-schema-graph\">{\"@context\":\"https:\\\/\\\/schema.org\",\"@graph\":[{\"@type\":\"WebPage\",\"@id\":\"https:\\\/\\\/tewoo.sk\\\/?product=pismeno-policka-na-stenu\",\"url\":\"https:\\\/\\\/tewoo.sk\\\/?product=pismeno-policka-na-stenu\",\"name\":\"Poli\u010dka - P\u00cdSMENO - Tom\u00e1\u0161 Bodn\u00e1r TeWoo\",\"isPartOf\":{\"@id\":\"https:\\\/\\\/tewoo.sk\\\/#website\"},\"primaryImageOfPage\":{\"@id\":\"https:\\\/\\\/tewoo.sk\\\/?product=pismeno-policka-na-stenu#primaryimage\"},\"image\":{\"@id\":\"https:\\\/\\\/tewoo.sk\\\/?product=pismeno-policka-na-stenu#primaryimage\"},\"thumbnailUrl\":\"https:\\\/\\\/tewoo.sk\\\/wp-content\\\/uploads\\\/2023\\\/06\\\/Policky_pismena_rozmery.jpg\",\"datePublished\":\"2023-06-01T13:08:51+00:00\",\"dateModified\":\"2024-08-15T07:01:57+00:00\",\"breadcrumb\":{\"@id\":\"https:\\\/\\\/tewoo.sk\\\/?product=pismeno-policka-na-stenu#breadcrumb\"},\"inLanguage\":\"sk-SK\",\"potentialAction\":[{\"@type\":\"ReadAction\",\"target\":[\"https:\\\/\\\/tewoo.sk\\\/?product=pismeno-policka-na-stenu\"]}]},{\"@type\":\"ImageObject\",\"inLanguage\":\"sk-SK\",\"@id\":\"https:\\\/\\\/tewoo.sk\\\/?product=pismeno-policka-na-stenu#primaryimage\",\"url\":\"https:\\\/\\\/tewoo.sk\\\/wp-content\\\/uploads\\\/2023\\\/06\\\/Policky_pismena_rozmery.jpg\",\"contentUrl\":\"https:\\\/\\\/tewoo.sk\\\/wp-content\\\/uploads\\\/2023\\\/06\\\/Policky_pismena_rozmery.jpg\",\"width\":820,\"height\":819},{\"@type\":\"BreadcrumbList\",\"@id\":\"https:\\\/\\\/tewoo.sk\\\/?product=pismeno-policka-na-stenu#breadcrumb\",\"itemListElement\":[{\"@type\":\"ListItem\",\"position\":1,\"name\":\"Home\",\"item\":\"https:\\\/\\\/tewoo.sk\\\/\"},{\"@type\":\"ListItem\",\"position\":2,\"name\":\"Obchod\",\"item\":\"https:\\\/\\\/tewoo.sk\\\/?page_id=165\"},{\"@type\":\"ListItem\",\"position\":3,\"name\":\"Poli\u010dka &#8211; P\u00cdSMENO\"}]},{\"@type\":\"WebSite\",\"@id\":\"https:\\\/\\\/tewoo.sk\\\/#website\",\"url\":\"https:\\\/\\\/tewoo.sk\\\/\",\"name\":\"Drev\u00e1rska diel\u0148a TeWoo\",\"description\":\"V\u00fdrobky z dreva\",\"publisher\":{\"@id\":\"https:\\\/\\\/tewoo.sk\\\/#organization\"},\"potentialAction\":[{\"@type\":\"SearchAction\",\"target\":{\"@type\":\"EntryPoint\",\"urlTemplate\":\"https:\\\/\\\/tewoo.sk\\\/?s={search_term_string}\"},\"query-input\":{\"@type\":\"PropertyValueSpecification\",\"valueRequired\":true,\"valueName\":\"search_term_string\"}}],\"inLanguage\":\"sk-SK\"},{\"@type\":\"Organization\",\"@id\":\"https:\\\/\\\/tewoo.sk\\\/#organization\",\"name\":\"Drev\u00e1rska diel\u0148a TeWoo\",\"url\":\"https:\\\/\\\/tewoo.sk\\\/\",\"logo\":{\"@type\":\"ImageObject\",\"inLanguage\":\"sk-SK\",\"@id\":\"https:\\\/\\\/tewoo.sk\\\/#\\\/schema\\\/logo\\\/image\\\/\",\"url\":\"https:\\\/\\\/tewoo.sk\\\/wp-content\\\/uploads\\\/2021\\\/10\\\/logo-na-web3.png\",\"contentUrl\":\"https:\\\/\\\/tewoo.sk\\\/wp-content\\\/uploads\\\/2021\\\/10\\\/logo-na-web3.png\",\"width\":700,\"height\":700,\"caption\":\"Drev\u00e1rska diel\u0148a TeWoo\"},\"image\":{\"@id\":\"https:\\\/\\\/tewoo.sk\\\/#\\\/schema\\\/logo\\\/image\\\/\"},\"sameAs\":[\"https:\\\/\\\/www.facebook.com\\\/tewoo.sk\",\"https:\\\/\\\/www.instagram.com\\\/tewoo_sk\\\/\",\"https:\\\/\\\/sk.pinterest.com\\\/TewooSK\\\/\"]}]}<\/script>\n<!-- \/ Yoast SEO plugin. -->","yoast_head_json":{"title":"Poli\u010dka - P\u00cdSMENO - Tom\u00e1\u0161 Bodn\u00e1r TeWoo","robots":{"index":"index","follow":"follow","max-snippet":"max-snippet:-1","max-image-preview":"max-image-preview:large","max-video-preview":"max-video-preview:-1"},"canonical":"https:\/\/tewoo.sk\/?product=pismeno-policka-na-stenu","og_locale":"sk_SK","og_type":"article","og_title":"Poli\u010dka - P\u00cdSMENO - Tom\u00e1\u0161 Bodn\u00e1r TeWoo","og_description":"Poli\u010dka\/poli\u010dky v tvare p\u00edsmena, vhodn\u00e1 na drobn\u00e9 hra\u010dky \u010di dekor\u00e1cie. V ponuke n\u00e1jdete 26 r\u00f4znych p\u00edsmen kde v\u0161etky maj\u00fa rovnak\u00fa v\u00fd\u0161ku a rovnako v\u00fd\u0161kovo rozmiestenen\u00e9 police. V\u00fd\u0161ka p\u00edsmen je v\u017edy 56cm, h\u013abka pol\u00edc 8cm .&nbsp; Po\u010det pol\u00edc, ich&nbsp; \u0161\u00edrka a celkov\u00e1 \u0161\u00edrka cel\u00e9ho p\u00edsmena z\u00e1le\u017e\u00ed od konkr\u00e9tneho p\u00edsma. V pr\u00edpade z\u00e1ujmu mi nev\u00e1hajte nap\u00edsa\u0165 a [&hellip;]","og_url":"https:\/\/tewoo.sk\/?product=pismeno-policka-na-stenu","og_site_name":"Tom\u00e1\u0161 Bodn\u00e1r TeWoo","article_publisher":"https:\/\/www.facebook.com\/tewoo.sk","article_modified_time":"2024-08-15T07:01:57+00:00","og_image":[{"width":820,"height":819,"url":"https:\/\/tewoo.sk\/wp-content\/uploads\/2023\/06\/Policky_pismena_rozmery.jpg","type":"image\/jpeg"}],"twitter_card":"summary_large_image","twitter_misc":{"Predpokladan\u00fd \u010das \u010d\u00edtania":"1 min\u00fata"},"schema":{"@context":"https:\/\/schema.org","@graph":[{"@type":"WebPage","@id":"https:\/\/tewoo.sk\/?product=pismeno-policka-na-stenu","url":"https:\/\/tewoo.sk\/?product=pismeno-policka-na-stenu","name":"Poli\u010dka - P\u00cdSMENO - Tom\u00e1\u0161 Bodn\u00e1r TeWoo","isPartOf":{"@id":"https:\/\/tewoo.sk\/#website"},"primaryImageOfPage":{"@id":"https:\/\/tewoo.sk\/?product=pismeno-policka-na-stenu#primaryimage"},"image":{"@id":"https:\/\/tewoo.sk\/?product=pismeno-policka-na-stenu#primaryimage"},"thumbnailUrl":"https:\/\/tewoo.sk\/wp-content\/uploads\/2023\/06\/Policky_pismena_rozmery.jpg","datePublished":"2023-06-01T13:08:51+00:00","dateModified":"2024-08-15T07:01:57+00:00","breadcrumb":{"@id":"https:\/\/tewoo.sk\/?product=pismeno-policka-na-stenu#breadcrumb"},"inLanguage":"sk-SK","potentialAction":[{"@type":"ReadAction","target":["https:\/\/tewoo.sk\/?product=pismeno-policka-na-stenu"]}]},{"@type":"ImageObject","inLanguage":"sk-SK","@id":"https:\/\/tewoo.sk\/?product=pismeno-policka-na-stenu#primaryimage","url":"https:\/\/tewoo.sk\/wp-content\/uploads\/2023\/06\/Policky_pismena_rozmery.jpg","contentUrl":"https:\/\/tewoo.sk\/wp-content\/uploads\/2023\/06\/Policky_pismena_rozmery.jpg","width":820,"height":819},{"@type":"BreadcrumbList","@id":"https:\/\/tewoo.sk\/?product=pismeno-policka-na-stenu#breadcrumb","itemListElement":[{"@type":"ListItem","position":1,"name":"Home","item":"https:\/\/tewoo.sk\/"},{"@type":"ListItem","position":2,"name":"Obchod","item":"https:\/\/tewoo.sk\/?page_id=165"},{"@type":"ListItem","position":3,"name":"Poli\u010dka &#8211; P\u00cdSMENO"}]},{"@type":"WebSite","@id":"https:\/\/tewoo.sk\/#website","url":"https:\/\/tewoo.sk\/","name":"Drev\u00e1rska diel\u0148a TeWoo","description":"V\u00fdrobky z dreva","publisher":{"@id":"https:\/\/tewoo.sk\/#organization"},"potentialAction":[{"@type":"SearchAction","target":{"@type":"EntryPoint","urlTemplate":"https:\/\/tewoo.sk\/?s={search_term_string}"},"query-input":{"@type":"PropertyValueSpecification","valueRequired":true,"valueName":"search_term_string"}}],"inLanguage":"sk-SK"},{"@type":"Organization","@id":"https:\/\/tewoo.sk\/#organization","name":"Drev\u00e1rska diel\u0148a TeWoo","url":"https:\/\/tewoo.sk\/","logo":{"@type":"ImageObject","inLanguage":"sk-SK","@id":"https:\/\/tewoo.sk\/#\/schema\/logo\/image\/","url":"https:\/\/tewoo.sk\/wp-content\/uploads\/2021\/10\/logo-na-web3.png","contentUrl":"https:\/\/tewoo.sk\/wp-content\/uploads\/2021\/10\/logo-na-web3.png","width":700,"height":700,"caption":"Drev\u00e1rska diel\u0148a TeWoo"},"image":{"@id":"https:\/\/tewoo.sk\/#\/schema\/logo\/image\/"},"sameAs":["https:\/\/www.facebook.com\/tewoo.sk","https:\/\/www.instagram.com\/tewoo_sk\/","https:\/\/sk.pinterest.com\/TewooSK\/"]}]}},"jetpack_sharing_enabled":true,"_links":{"self":[{"href":"https:\/\/tewoo.sk\/index.php?rest_route=\/wp\/v2\/product\/1345","targetHints":{"allow":["GET"]}}],"collection":[{"href":"https:\/\/tewoo.sk\/index.php?rest_route=\/wp\/v2\/product"}],"about":[{"href":"https:\/\/tewoo.sk\/index.php?rest_route=\/wp\/v2\/types\/product"}],"replies":[{"embeddable":true,"href":"https:\/\/tewoo.sk\/index.php?rest_route=%2Fwp%2Fv2%2Fcomments&post=1345"}],"wp:featuredmedia":[{"embeddable":true,"href":"https:\/\/tewoo.sk\/index.php?rest_route=\/wp\/v2\/media\/1347"}],"wp:attachment":[{"href":"https:\/\/tewoo.sk\/index.php?rest_route=%2Fwp%2Fv2%2Fmedia&parent=1345"}],"wp:term":[{"taxonomy":"product_brand","embeddable":true,"href":"https:\/\/tewoo.sk\/index.php?rest_route=%2Fwp%2Fv2%2Fproduct_brand&post=1345"},{"taxonomy":"product_cat","embeddable":true,"href":"https:\/\/tewoo.sk\/index.php?rest_route=%2Fwp%2Fv2%2Fproduct_cat&post=1345"},{"taxonomy":"product_tag","embeddable":true,"href":"https:\/\/tewoo.sk\/index.php?rest_route=%2Fwp%2Fv2%2Fproduct_tag&post=1345"}],"curies":[{"name":"wp","href":"https:\/\/api.w.org\/{rel}","templated":true}]}}