{"id":474,"date":"2021-10-09T19:54:07","date_gmt":"2021-10-09T17:54:07","guid":{"rendered":"https:\/\/www.tewoo.sk\/web\/?post_type=product&#038;p=474"},"modified":"2024-08-15T08:47:51","modified_gmt":"2024-08-15T06:47:51","slug":"policka-pre-auticka-traktor","status":"publish","type":"product","link":"https:\/\/tewoo.sk\/?product=policka-pre-auticka-traktor","title":{"rendered":"Poli\u010dka pre aut\u00ed\u010dka &#8211; TRAKTOR"},"content":{"rendered":"<p>Poli\u010dka na stenu ur\u010den\u00e1 pre klasick\u00e9 kovov\u00e9 aut\u00ed\u010dka &#8211; &#8222;angli\u010d\u00e1ky&#8220;.<\/p>\n<p>Dobre v\u0161ak posl\u00fa\u017ei aj na r\u00f4zne fig\u00farky, zvieratk\u00e1, voja\u010dikov a in\u00e9&nbsp; drobn\u00e9 hra\u010dky \ud83d\ude42<\/p>\n<p>Farebn\u00e9 prevedenie je mo\u017en\u00e9 upravi\u0165 na \u017eelanie.<\/p>\n<ul>\n<li>Kapacita poli\u010dky je minim\u00e1lne 35 aut\u00ed\u010dok.<\/li>\n<li>Celkov\u00e9 rozmery = 119cm x 38cm x 6cm<\/li>\n<li>Rozmery jedn\u00e9ho prie\u010dinku na aut\u00ed\u010dka =&nbsp; 59,5cm x 4,5cm x (h\u013abka police) 5cm<\/li>\n<\/ul>\n<p>V\u0161etky pou\u017eit\u00e9 n\u00e1tery s\u00fa certifikovan\u00e9 k pou\u017eitiu na detsk\u00e9 hra\u010dky a n\u00e1bytok!<\/p>\n","protected":false},"excerpt":{"rendered":"<p>Poli\u010dka na stenu ur\u010den\u00e1 pre klasick\u00e9 kovov\u00e9 aut\u00ed\u010dka &#8211; &#8222;angli\u010d\u00e1ky&#8220;. Dobre v\u0161ak posl\u00fa\u017ei aj na r\u00f4zne fig\u00farky, zvieratk\u00e1, voja\u010dikov a in\u00e9&nbsp; drobn\u00e9 hra\u010dky \ud83d\ude42 Farebn\u00e9 prevedenie je mo\u017en\u00e9 upravi\u0165 na \u017eelanie. Kapacita poli\u010dky je minim\u00e1lne 35 aut\u00ed\u010dok. Celkov\u00e9 rozmery = 119cm x 38cm x 6cm Rozmery jedn\u00e9ho prie\u010dinku na aut\u00ed\u010dka =&nbsp; 59,5cm x 4,5cm x [&hellip;]<\/p>\n","protected":false},"featured_media":475,"comment_status":"open","ping_status":"closed","template":"","meta":{"_monsterinsights_skip_tracking":false,"_monsterinsights_sitenote_active":false,"_monsterinsights_sitenote_note":"","_monsterinsights_sitenote_category":0,"ngg_post_thumbnail":0},"product_brand":[],"product_cat":[33],"product_tag":[],"class_list":{"0":"post-474","1":"product","2":"type-product","3":"status-publish","4":"has-post-thumbnail","6":"product_cat-detske-policky","8":"first","9":"onbackorder","10":"shipping-taxable","11":"purchasable","12":"product-type-simple"},"yoast_head":"<!-- This site is optimized with the Yoast SEO plugin v27.4 - https:\/\/yoast.com\/product\/yoast-seo-wordpress\/ -->\n<title>Poli\u010dka pre aut\u00ed\u010dka - TRAKTOR - Tom\u00e1\u0161 Bodn\u00e1r TeWoo<\/title>\n<meta name=\"robots\" content=\"index, follow, max-snippet:-1, max-image-preview:large, max-video-preview:-1\" \/>\n<link rel=\"canonical\" href=\"https:\/\/tewoo.sk\/?product=policka-pre-auticka-traktor\" \/>\n<meta property=\"og:locale\" content=\"sk_SK\" \/>\n<meta property=\"og:type\" content=\"article\" \/>\n<meta property=\"og:title\" content=\"Poli\u010dka pre aut\u00ed\u010dka - TRAKTOR - Tom\u00e1\u0161 Bodn\u00e1r TeWoo\" \/>\n<meta property=\"og:description\" content=\"Poli\u010dka na stenu ur\u010den\u00e1 pre klasick\u00e9 kovov\u00e9 aut\u00ed\u010dka &#8211; &#8222;angli\u010d\u00e1ky&#8220;. Dobre v\u0161ak posl\u00fa\u017ei aj na r\u00f4zne fig\u00farky, zvieratk\u00e1, voja\u010dikov a in\u00e9&nbsp; drobn\u00e9 hra\u010dky \ud83d\ude42 Farebn\u00e9 prevedenie je mo\u017en\u00e9 upravi\u0165 na \u017eelanie. Kapacita poli\u010dky je minim\u00e1lne 35 aut\u00ed\u010dok. Celkov\u00e9 rozmery = 119cm x 38cm x 6cm Rozmery jedn\u00e9ho prie\u010dinku na aut\u00ed\u010dka =&nbsp; 59,5cm x 4,5cm x [&hellip;]\" \/>\n<meta property=\"og:url\" content=\"https:\/\/tewoo.sk\/?product=policka-pre-auticka-traktor\" \/>\n<meta property=\"og:site_name\" content=\"Tom\u00e1\u0161 Bodn\u00e1r TeWoo\" \/>\n<meta property=\"article:publisher\" content=\"https:\/\/www.facebook.com\/tewoo.sk\" \/>\n<meta property=\"article:modified_time\" content=\"2024-08-15T06:47:51+00:00\" \/>\n<meta property=\"og:image\" content=\"https:\/\/tewoo.sk\/wp-content\/uploads\/2021\/10\/traktor_1_1.jpg\" \/>\n\t<meta property=\"og:image:width\" content=\"1300\" \/>\n\t<meta property=\"og:image:height\" content=\"1300\" \/>\n\t<meta property=\"og:image:type\" content=\"image\/jpeg\" \/>\n<meta name=\"twitter:card\" content=\"summary_large_image\" \/>\n<script type=\"application\/ld+json\" class=\"yoast-schema-graph\">{\"@context\":\"https:\\\/\\\/schema.org\",\"@graph\":[{\"@type\":\"WebPage\",\"@id\":\"https:\\\/\\\/tewoo.sk\\\/?product=policka-pre-auticka-traktor\",\"url\":\"https:\\\/\\\/tewoo.sk\\\/?product=policka-pre-auticka-traktor\",\"name\":\"Poli\u010dka pre aut\u00ed\u010dka - TRAKTOR - Tom\u00e1\u0161 Bodn\u00e1r TeWoo\",\"isPartOf\":{\"@id\":\"https:\\\/\\\/tewoo.sk\\\/#website\"},\"primaryImageOfPage\":{\"@id\":\"https:\\\/\\\/tewoo.sk\\\/?product=policka-pre-auticka-traktor#primaryimage\"},\"image\":{\"@id\":\"https:\\\/\\\/tewoo.sk\\\/?product=policka-pre-auticka-traktor#primaryimage\"},\"thumbnailUrl\":\"https:\\\/\\\/tewoo.sk\\\/wp-content\\\/uploads\\\/2021\\\/10\\\/traktor_1_1.jpg\",\"datePublished\":\"2021-10-09T17:54:07+00:00\",\"dateModified\":\"2024-08-15T06:47:51+00:00\",\"breadcrumb\":{\"@id\":\"https:\\\/\\\/tewoo.sk\\\/?product=policka-pre-auticka-traktor#breadcrumb\"},\"inLanguage\":\"sk-SK\",\"potentialAction\":[{\"@type\":\"ReadAction\",\"target\":[\"https:\\\/\\\/tewoo.sk\\\/?product=policka-pre-auticka-traktor\"]}]},{\"@type\":\"ImageObject\",\"inLanguage\":\"sk-SK\",\"@id\":\"https:\\\/\\\/tewoo.sk\\\/?product=policka-pre-auticka-traktor#primaryimage\",\"url\":\"https:\\\/\\\/tewoo.sk\\\/wp-content\\\/uploads\\\/2021\\\/10\\\/traktor_1_1.jpg\",\"contentUrl\":\"https:\\\/\\\/tewoo.sk\\\/wp-content\\\/uploads\\\/2021\\\/10\\\/traktor_1_1.jpg\",\"width\":1300,\"height\":1300},{\"@type\":\"BreadcrumbList\",\"@id\":\"https:\\\/\\\/tewoo.sk\\\/?product=policka-pre-auticka-traktor#breadcrumb\",\"itemListElement\":[{\"@type\":\"ListItem\",\"position\":1,\"name\":\"Home\",\"item\":\"https:\\\/\\\/tewoo.sk\\\/\"},{\"@type\":\"ListItem\",\"position\":2,\"name\":\"Obchod\",\"item\":\"https:\\\/\\\/tewoo.sk\\\/?page_id=165\"},{\"@type\":\"ListItem\",\"position\":3,\"name\":\"Poli\u010dka pre aut\u00ed\u010dka &#8211; TRAKTOR\"}]},{\"@type\":\"WebSite\",\"@id\":\"https:\\\/\\\/tewoo.sk\\\/#website\",\"url\":\"https:\\\/\\\/tewoo.sk\\\/\",\"name\":\"Drev\u00e1rska diel\u0148a TeWoo\",\"description\":\"V\u00fdrobky z dreva\",\"publisher\":{\"@id\":\"https:\\\/\\\/tewoo.sk\\\/#organization\"},\"potentialAction\":[{\"@type\":\"SearchAction\",\"target\":{\"@type\":\"EntryPoint\",\"urlTemplate\":\"https:\\\/\\\/tewoo.sk\\\/?s={search_term_string}\"},\"query-input\":{\"@type\":\"PropertyValueSpecification\",\"valueRequired\":true,\"valueName\":\"search_term_string\"}}],\"inLanguage\":\"sk-SK\"},{\"@type\":\"Organization\",\"@id\":\"https:\\\/\\\/tewoo.sk\\\/#organization\",\"name\":\"Drev\u00e1rska diel\u0148a TeWoo\",\"url\":\"https:\\\/\\\/tewoo.sk\\\/\",\"logo\":{\"@type\":\"ImageObject\",\"inLanguage\":\"sk-SK\",\"@id\":\"https:\\\/\\\/tewoo.sk\\\/#\\\/schema\\\/logo\\\/image\\\/\",\"url\":\"https:\\\/\\\/tewoo.sk\\\/wp-content\\\/uploads\\\/2021\\\/10\\\/logo-na-web3.png\",\"contentUrl\":\"https:\\\/\\\/tewoo.sk\\\/wp-content\\\/uploads\\\/2021\\\/10\\\/logo-na-web3.png\",\"width\":700,\"height\":700,\"caption\":\"Drev\u00e1rska diel\u0148a TeWoo\"},\"image\":{\"@id\":\"https:\\\/\\\/tewoo.sk\\\/#\\\/schema\\\/logo\\\/image\\\/\"},\"sameAs\":[\"https:\\\/\\\/www.facebook.com\\\/tewoo.sk\",\"https:\\\/\\\/www.instagram.com\\\/tewoo_sk\\\/\",\"https:\\\/\\\/sk.pinterest.com\\\/TewooSK\\\/\"]}]}<\/script>\n<!-- \/ Yoast SEO plugin. -->","yoast_head_json":{"title":"Poli\u010dka pre aut\u00ed\u010dka - TRAKTOR - Tom\u00e1\u0161 Bodn\u00e1r TeWoo","robots":{"index":"index","follow":"follow","max-snippet":"max-snippet:-1","max-image-preview":"max-image-preview:large","max-video-preview":"max-video-preview:-1"},"canonical":"https:\/\/tewoo.sk\/?product=policka-pre-auticka-traktor","og_locale":"sk_SK","og_type":"article","og_title":"Poli\u010dka pre aut\u00ed\u010dka - TRAKTOR - Tom\u00e1\u0161 Bodn\u00e1r TeWoo","og_description":"Poli\u010dka na stenu ur\u010den\u00e1 pre klasick\u00e9 kovov\u00e9 aut\u00ed\u010dka &#8211; &#8222;angli\u010d\u00e1ky&#8220;. Dobre v\u0161ak posl\u00fa\u017ei aj na r\u00f4zne fig\u00farky, zvieratk\u00e1, voja\u010dikov a in\u00e9&nbsp; drobn\u00e9 hra\u010dky \ud83d\ude42 Farebn\u00e9 prevedenie je mo\u017en\u00e9 upravi\u0165 na \u017eelanie. Kapacita poli\u010dky je minim\u00e1lne 35 aut\u00ed\u010dok. Celkov\u00e9 rozmery = 119cm x 38cm x 6cm Rozmery jedn\u00e9ho prie\u010dinku na aut\u00ed\u010dka =&nbsp; 59,5cm x 4,5cm x [&hellip;]","og_url":"https:\/\/tewoo.sk\/?product=policka-pre-auticka-traktor","og_site_name":"Tom\u00e1\u0161 Bodn\u00e1r TeWoo","article_publisher":"https:\/\/www.facebook.com\/tewoo.sk","article_modified_time":"2024-08-15T06:47:51+00:00","og_image":[{"width":1300,"height":1300,"url":"https:\/\/tewoo.sk\/wp-content\/uploads\/2021\/10\/traktor_1_1.jpg","type":"image\/jpeg"}],"twitter_card":"summary_large_image","schema":{"@context":"https:\/\/schema.org","@graph":[{"@type":"WebPage","@id":"https:\/\/tewoo.sk\/?product=policka-pre-auticka-traktor","url":"https:\/\/tewoo.sk\/?product=policka-pre-auticka-traktor","name":"Poli\u010dka pre aut\u00ed\u010dka - TRAKTOR - Tom\u00e1\u0161 Bodn\u00e1r TeWoo","isPartOf":{"@id":"https:\/\/tewoo.sk\/#website"},"primaryImageOfPage":{"@id":"https:\/\/tewoo.sk\/?product=policka-pre-auticka-traktor#primaryimage"},"image":{"@id":"https:\/\/tewoo.sk\/?product=policka-pre-auticka-traktor#primaryimage"},"thumbnailUrl":"https:\/\/tewoo.sk\/wp-content\/uploads\/2021\/10\/traktor_1_1.jpg","datePublished":"2021-10-09T17:54:07+00:00","dateModified":"2024-08-15T06:47:51+00:00","breadcrumb":{"@id":"https:\/\/tewoo.sk\/?product=policka-pre-auticka-traktor#breadcrumb"},"inLanguage":"sk-SK","potentialAction":[{"@type":"ReadAction","target":["https:\/\/tewoo.sk\/?product=policka-pre-auticka-traktor"]}]},{"@type":"ImageObject","inLanguage":"sk-SK","@id":"https:\/\/tewoo.sk\/?product=policka-pre-auticka-traktor#primaryimage","url":"https:\/\/tewoo.sk\/wp-content\/uploads\/2021\/10\/traktor_1_1.jpg","contentUrl":"https:\/\/tewoo.sk\/wp-content\/uploads\/2021\/10\/traktor_1_1.jpg","width":1300,"height":1300},{"@type":"BreadcrumbList","@id":"https:\/\/tewoo.sk\/?product=policka-pre-auticka-traktor#breadcrumb","itemListElement":[{"@type":"ListItem","position":1,"name":"Home","item":"https:\/\/tewoo.sk\/"},{"@type":"ListItem","position":2,"name":"Obchod","item":"https:\/\/tewoo.sk\/?page_id=165"},{"@type":"ListItem","position":3,"name":"Poli\u010dka pre aut\u00ed\u010dka &#8211; TRAKTOR"}]},{"@type":"WebSite","@id":"https:\/\/tewoo.sk\/#website","url":"https:\/\/tewoo.sk\/","name":"Drev\u00e1rska diel\u0148a TeWoo","description":"V\u00fdrobky z dreva","publisher":{"@id":"https:\/\/tewoo.sk\/#organization"},"potentialAction":[{"@type":"SearchAction","target":{"@type":"EntryPoint","urlTemplate":"https:\/\/tewoo.sk\/?s={search_term_string}"},"query-input":{"@type":"PropertyValueSpecification","valueRequired":true,"valueName":"search_term_string"}}],"inLanguage":"sk-SK"},{"@type":"Organization","@id":"https:\/\/tewoo.sk\/#organization","name":"Drev\u00e1rska diel\u0148a TeWoo","url":"https:\/\/tewoo.sk\/","logo":{"@type":"ImageObject","inLanguage":"sk-SK","@id":"https:\/\/tewoo.sk\/#\/schema\/logo\/image\/","url":"https:\/\/tewoo.sk\/wp-content\/uploads\/2021\/10\/logo-na-web3.png","contentUrl":"https:\/\/tewoo.sk\/wp-content\/uploads\/2021\/10\/logo-na-web3.png","width":700,"height":700,"caption":"Drev\u00e1rska diel\u0148a TeWoo"},"image":{"@id":"https:\/\/tewoo.sk\/#\/schema\/logo\/image\/"},"sameAs":["https:\/\/www.facebook.com\/tewoo.sk","https:\/\/www.instagram.com\/tewoo_sk\/","https:\/\/sk.pinterest.com\/TewooSK\/"]}]}},"jetpack_sharing_enabled":true,"_links":{"self":[{"href":"https:\/\/tewoo.sk\/index.php?rest_route=\/wp\/v2\/product\/474","targetHints":{"allow":["GET"]}}],"collection":[{"href":"https:\/\/tewoo.sk\/index.php?rest_route=\/wp\/v2\/product"}],"about":[{"href":"https:\/\/tewoo.sk\/index.php?rest_route=\/wp\/v2\/types\/product"}],"replies":[{"embeddable":true,"href":"https:\/\/tewoo.sk\/index.php?rest_route=%2Fwp%2Fv2%2Fcomments&post=474"}],"wp:featuredmedia":[{"embeddable":true,"href":"https:\/\/tewoo.sk\/index.php?rest_route=\/wp\/v2\/media\/475"}],"wp:attachment":[{"href":"https:\/\/tewoo.sk\/index.php?rest_route=%2Fwp%2Fv2%2Fmedia&parent=474"}],"wp:term":[{"taxonomy":"product_brand","embeddable":true,"href":"https:\/\/tewoo.sk\/index.php?rest_route=%2Fwp%2Fv2%2Fproduct_brand&post=474"},{"taxonomy":"product_cat","embeddable":true,"href":"https:\/\/tewoo.sk\/index.php?rest_route=%2Fwp%2Fv2%2Fproduct_cat&post=474"},{"taxonomy":"product_tag","embeddable":true,"href":"https:\/\/tewoo.sk\/index.php?rest_route=%2Fwp%2Fv2%2Fproduct_tag&post=474"}],"curies":[{"name":"wp","href":"https:\/\/api.w.org\/{rel}","templated":true}]}}