{"id":919,"date":"2021-10-23T22:56:52","date_gmt":"2021-10-23T20:56:52","guid":{"rendered":"https:\/\/www.tewoo.sk\/web\/?post_type=product&#038;p=919"},"modified":"2023-11-10T20:55:57","modified_gmt":"2023-11-10T19:55:57","slug":"hmzi-hotel","status":"publish","type":"product","link":"https:\/\/tewoo.sk\/?product=hmzi-hotel","title":{"rendered":"Hmyz\u00ed hotel &#8211; VE\u017dI\u010cKA"},"content":{"rendered":"<p>Ve\u017ei\u010dkov\u00e9 hotely pre drobn\u00fdch pomocn\u00edkov v z\u00e1hrade.<\/p>\n<p>Vyr\u00e1bam ich z recyklovan\u00e9ho dreva \/palety, pou\u017eit\u00e9 dosky\/<\/p>\n<p>V\u00fd\u0161kovo cca 110 &#8211; 130cm.<\/p>\n<p>Moment\u00e1lne ich pon\u00fakam len na objedn\u00e1vku. Prevedenie ve\u017ei\u010dky naa \u017eelanie,&nbsp; alebo to m\u00f4\u017eete necha\u0165 na m\u0148a.<\/p>\n<p>Takisto pon\u00fakam aj &#8222;pr\u00e1zdne&#8220; hotely, ktor\u00e9 si m\u00f4\u017eete naplni\u0165 pod\u013ea seba, materi\u00e1lom ktor\u00fd nazbierate na prech\u00e1dzkach pr\u00edrodou.<\/p>\n<p>D\u00f4le\u017eit\u00e9! = Uveden\u00e1 cena 80\u20ac je orienta\u010dn\u00e1, cena fin\u00e1lneho v\u00fdrobku z\u00e1vis\u00ed od prevedenia ak\u00e9 si vyberiete. Ak m\u00e1te z\u00e1ujem, alebo ak\u00e9ko\u013evek ot\u00e1zky k hotelom, nev\u00e1hajte ma kontaktova\u0165<\/p>\n<p>&nbsp;<\/p>\n","protected":false},"excerpt":{"rendered":"<p>Ve\u017ei\u010dkov\u00e9 hotely pre drobn\u00fdch pomocn\u00edkov v z\u00e1hrade. Vyr\u00e1bam ich z recyklovan\u00e9ho dreva \/palety, pou\u017eit\u00e9 dosky\/ V\u00fd\u0161kovo cca 110 &#8211; 130cm. Moment\u00e1lne ich pon\u00fakam len na objedn\u00e1vku. Prevedenie ve\u017ei\u010dky naa \u017eelanie,&nbsp; alebo to m\u00f4\u017eete necha\u0165 na m\u0148a. Takisto pon\u00fakam aj &#8222;pr\u00e1zdne&#8220; hotely, ktor\u00e9 si m\u00f4\u017eete naplni\u0165 pod\u013ea seba, materi\u00e1lom ktor\u00fd nazbierate na prech\u00e1dzkach pr\u00edrodou. D\u00f4le\u017eit\u00e9! = [&hellip;]<\/p>\n","protected":false},"featured_media":920,"comment_status":"open","ping_status":"closed","template":"","meta":{"_monsterinsights_skip_tracking":false,"_monsterinsights_sitenote_active":false,"_monsterinsights_sitenote_note":"","_monsterinsights_sitenote_category":0,"ngg_post_thumbnail":0},"product_brand":[],"product_cat":[57],"product_tag":[],"class_list":{"0":"post-919","1":"product","2":"type-product","3":"status-publish","4":"has-post-thumbnail","6":"product_cat-zahrada","8":"first","9":"onbackorder","10":"shipping-taxable","11":"purchasable","12":"product-type-simple"},"yoast_head":"<!-- This site is optimized with the Yoast SEO plugin v27.4 - https:\/\/yoast.com\/product\/yoast-seo-wordpress\/ -->\n<title>Hmyz\u00ed hotel - VE\u017dI\u010cKA - Tom\u00e1\u0161 Bodn\u00e1r TeWoo<\/title>\n<meta name=\"robots\" content=\"index, follow, max-snippet:-1, max-image-preview:large, max-video-preview:-1\" \/>\n<link rel=\"canonical\" href=\"https:\/\/tewoo.sk\/?product=hmzi-hotel\" \/>\n<meta property=\"og:locale\" content=\"sk_SK\" \/>\n<meta property=\"og:type\" content=\"article\" \/>\n<meta property=\"og:title\" content=\"Hmyz\u00ed hotel - VE\u017dI\u010cKA - Tom\u00e1\u0161 Bodn\u00e1r TeWoo\" \/>\n<meta property=\"og:description\" content=\"Ve\u017ei\u010dkov\u00e9 hotely pre drobn\u00fdch pomocn\u00edkov v z\u00e1hrade. Vyr\u00e1bam ich z recyklovan\u00e9ho dreva \/palety, pou\u017eit\u00e9 dosky\/ V\u00fd\u0161kovo cca 110 &#8211; 130cm. Moment\u00e1lne ich pon\u00fakam len na objedn\u00e1vku. Prevedenie ve\u017ei\u010dky naa \u017eelanie,&nbsp; alebo to m\u00f4\u017eete necha\u0165 na m\u0148a. Takisto pon\u00fakam aj &#8222;pr\u00e1zdne&#8220; hotely, ktor\u00e9 si m\u00f4\u017eete naplni\u0165 pod\u013ea seba, materi\u00e1lom ktor\u00fd nazbierate na prech\u00e1dzkach pr\u00edrodou. D\u00f4le\u017eit\u00e9! = [&hellip;]\" \/>\n<meta property=\"og:url\" content=\"https:\/\/tewoo.sk\/?product=hmzi-hotel\" \/>\n<meta property=\"og:site_name\" content=\"Tom\u00e1\u0161 Bodn\u00e1r TeWoo\" \/>\n<meta property=\"article:publisher\" content=\"https:\/\/www.facebook.com\/tewoo.sk\" \/>\n<meta property=\"article:modified_time\" content=\"2023-11-10T19:55:57+00:00\" \/>\n<meta property=\"og:image\" content=\"https:\/\/tewoo.sk\/wp-content\/uploads\/2021\/10\/hmyzi_hotel_04.jpg\" \/>\n\t<meta property=\"og:image:width\" content=\"1500\" \/>\n\t<meta property=\"og:image:height\" content=\"1500\" \/>\n\t<meta property=\"og:image:type\" content=\"image\/jpeg\" \/>\n<meta name=\"twitter:card\" content=\"summary_large_image\" \/>\n<meta name=\"twitter:label1\" content=\"Predpokladan\u00fd \u010das \u010d\u00edtania\" \/>\n\t<meta name=\"twitter:data1\" content=\"1 min\u00fata\" \/>\n<script type=\"application\/ld+json\" class=\"yoast-schema-graph\">{\"@context\":\"https:\\\/\\\/schema.org\",\"@graph\":[{\"@type\":\"WebPage\",\"@id\":\"https:\\\/\\\/tewoo.sk\\\/?product=hmzi-hotel\",\"url\":\"https:\\\/\\\/tewoo.sk\\\/?product=hmzi-hotel\",\"name\":\"Hmyz\u00ed hotel - VE\u017dI\u010cKA - Tom\u00e1\u0161 Bodn\u00e1r TeWoo\",\"isPartOf\":{\"@id\":\"https:\\\/\\\/tewoo.sk\\\/#website\"},\"primaryImageOfPage\":{\"@id\":\"https:\\\/\\\/tewoo.sk\\\/?product=hmzi-hotel#primaryimage\"},\"image\":{\"@id\":\"https:\\\/\\\/tewoo.sk\\\/?product=hmzi-hotel#primaryimage\"},\"thumbnailUrl\":\"https:\\\/\\\/tewoo.sk\\\/wp-content\\\/uploads\\\/2021\\\/10\\\/hmyzi_hotel_04.jpg\",\"datePublished\":\"2021-10-23T20:56:52+00:00\",\"dateModified\":\"2023-11-10T19:55:57+00:00\",\"breadcrumb\":{\"@id\":\"https:\\\/\\\/tewoo.sk\\\/?product=hmzi-hotel#breadcrumb\"},\"inLanguage\":\"sk-SK\",\"potentialAction\":[{\"@type\":\"ReadAction\",\"target\":[\"https:\\\/\\\/tewoo.sk\\\/?product=hmzi-hotel\"]}]},{\"@type\":\"ImageObject\",\"inLanguage\":\"sk-SK\",\"@id\":\"https:\\\/\\\/tewoo.sk\\\/?product=hmzi-hotel#primaryimage\",\"url\":\"https:\\\/\\\/tewoo.sk\\\/wp-content\\\/uploads\\\/2021\\\/10\\\/hmyzi_hotel_04.jpg\",\"contentUrl\":\"https:\\\/\\\/tewoo.sk\\\/wp-content\\\/uploads\\\/2021\\\/10\\\/hmyzi_hotel_04.jpg\",\"width\":1500,\"height\":1500},{\"@type\":\"BreadcrumbList\",\"@id\":\"https:\\\/\\\/tewoo.sk\\\/?product=hmzi-hotel#breadcrumb\",\"itemListElement\":[{\"@type\":\"ListItem\",\"position\":1,\"name\":\"Home\",\"item\":\"https:\\\/\\\/tewoo.sk\\\/\"},{\"@type\":\"ListItem\",\"position\":2,\"name\":\"Obchod\",\"item\":\"https:\\\/\\\/tewoo.sk\\\/?page_id=165\"},{\"@type\":\"ListItem\",\"position\":3,\"name\":\"Hmyz\u00ed hotel &#8211; VE\u017dI\u010cKA\"}]},{\"@type\":\"WebSite\",\"@id\":\"https:\\\/\\\/tewoo.sk\\\/#website\",\"url\":\"https:\\\/\\\/tewoo.sk\\\/\",\"name\":\"Drev\u00e1rska diel\u0148a TeWoo\",\"description\":\"V\u00fdrobky z dreva\",\"publisher\":{\"@id\":\"https:\\\/\\\/tewoo.sk\\\/#organization\"},\"potentialAction\":[{\"@type\":\"SearchAction\",\"target\":{\"@type\":\"EntryPoint\",\"urlTemplate\":\"https:\\\/\\\/tewoo.sk\\\/?s={search_term_string}\"},\"query-input\":{\"@type\":\"PropertyValueSpecification\",\"valueRequired\":true,\"valueName\":\"search_term_string\"}}],\"inLanguage\":\"sk-SK\"},{\"@type\":\"Organization\",\"@id\":\"https:\\\/\\\/tewoo.sk\\\/#organization\",\"name\":\"Drev\u00e1rska diel\u0148a TeWoo\",\"url\":\"https:\\\/\\\/tewoo.sk\\\/\",\"logo\":{\"@type\":\"ImageObject\",\"inLanguage\":\"sk-SK\",\"@id\":\"https:\\\/\\\/tewoo.sk\\\/#\\\/schema\\\/logo\\\/image\\\/\",\"url\":\"https:\\\/\\\/tewoo.sk\\\/wp-content\\\/uploads\\\/2021\\\/10\\\/logo-na-web3.png\",\"contentUrl\":\"https:\\\/\\\/tewoo.sk\\\/wp-content\\\/uploads\\\/2021\\\/10\\\/logo-na-web3.png\",\"width\":700,\"height\":700,\"caption\":\"Drev\u00e1rska diel\u0148a TeWoo\"},\"image\":{\"@id\":\"https:\\\/\\\/tewoo.sk\\\/#\\\/schema\\\/logo\\\/image\\\/\"},\"sameAs\":[\"https:\\\/\\\/www.facebook.com\\\/tewoo.sk\",\"https:\\\/\\\/www.instagram.com\\\/tewoo_sk\\\/\",\"https:\\\/\\\/sk.pinterest.com\\\/TewooSK\\\/\"]}]}<\/script>\n<!-- \/ Yoast SEO plugin. -->","yoast_head_json":{"title":"Hmyz\u00ed hotel - VE\u017dI\u010cKA - Tom\u00e1\u0161 Bodn\u00e1r TeWoo","robots":{"index":"index","follow":"follow","max-snippet":"max-snippet:-1","max-image-preview":"max-image-preview:large","max-video-preview":"max-video-preview:-1"},"canonical":"https:\/\/tewoo.sk\/?product=hmzi-hotel","og_locale":"sk_SK","og_type":"article","og_title":"Hmyz\u00ed hotel - VE\u017dI\u010cKA - Tom\u00e1\u0161 Bodn\u00e1r TeWoo","og_description":"Ve\u017ei\u010dkov\u00e9 hotely pre drobn\u00fdch pomocn\u00edkov v z\u00e1hrade. Vyr\u00e1bam ich z recyklovan\u00e9ho dreva \/palety, pou\u017eit\u00e9 dosky\/ V\u00fd\u0161kovo cca 110 &#8211; 130cm. Moment\u00e1lne ich pon\u00fakam len na objedn\u00e1vku. Prevedenie ve\u017ei\u010dky naa \u017eelanie,&nbsp; alebo to m\u00f4\u017eete necha\u0165 na m\u0148a. Takisto pon\u00fakam aj &#8222;pr\u00e1zdne&#8220; hotely, ktor\u00e9 si m\u00f4\u017eete naplni\u0165 pod\u013ea seba, materi\u00e1lom ktor\u00fd nazbierate na prech\u00e1dzkach pr\u00edrodou. D\u00f4le\u017eit\u00e9! = [&hellip;]","og_url":"https:\/\/tewoo.sk\/?product=hmzi-hotel","og_site_name":"Tom\u00e1\u0161 Bodn\u00e1r TeWoo","article_publisher":"https:\/\/www.facebook.com\/tewoo.sk","article_modified_time":"2023-11-10T19:55:57+00:00","og_image":[{"width":1500,"height":1500,"url":"https:\/\/tewoo.sk\/wp-content\/uploads\/2021\/10\/hmyzi_hotel_04.jpg","type":"image\/jpeg"}],"twitter_card":"summary_large_image","twitter_misc":{"Predpokladan\u00fd \u010das \u010d\u00edtania":"1 min\u00fata"},"schema":{"@context":"https:\/\/schema.org","@graph":[{"@type":"WebPage","@id":"https:\/\/tewoo.sk\/?product=hmzi-hotel","url":"https:\/\/tewoo.sk\/?product=hmzi-hotel","name":"Hmyz\u00ed hotel - VE\u017dI\u010cKA - Tom\u00e1\u0161 Bodn\u00e1r TeWoo","isPartOf":{"@id":"https:\/\/tewoo.sk\/#website"},"primaryImageOfPage":{"@id":"https:\/\/tewoo.sk\/?product=hmzi-hotel#primaryimage"},"image":{"@id":"https:\/\/tewoo.sk\/?product=hmzi-hotel#primaryimage"},"thumbnailUrl":"https:\/\/tewoo.sk\/wp-content\/uploads\/2021\/10\/hmyzi_hotel_04.jpg","datePublished":"2021-10-23T20:56:52+00:00","dateModified":"2023-11-10T19:55:57+00:00","breadcrumb":{"@id":"https:\/\/tewoo.sk\/?product=hmzi-hotel#breadcrumb"},"inLanguage":"sk-SK","potentialAction":[{"@type":"ReadAction","target":["https:\/\/tewoo.sk\/?product=hmzi-hotel"]}]},{"@type":"ImageObject","inLanguage":"sk-SK","@id":"https:\/\/tewoo.sk\/?product=hmzi-hotel#primaryimage","url":"https:\/\/tewoo.sk\/wp-content\/uploads\/2021\/10\/hmyzi_hotel_04.jpg","contentUrl":"https:\/\/tewoo.sk\/wp-content\/uploads\/2021\/10\/hmyzi_hotel_04.jpg","width":1500,"height":1500},{"@type":"BreadcrumbList","@id":"https:\/\/tewoo.sk\/?product=hmzi-hotel#breadcrumb","itemListElement":[{"@type":"ListItem","position":1,"name":"Home","item":"https:\/\/tewoo.sk\/"},{"@type":"ListItem","position":2,"name":"Obchod","item":"https:\/\/tewoo.sk\/?page_id=165"},{"@type":"ListItem","position":3,"name":"Hmyz\u00ed hotel &#8211; VE\u017dI\u010cKA"}]},{"@type":"WebSite","@id":"https:\/\/tewoo.sk\/#website","url":"https:\/\/tewoo.sk\/","name":"Drev\u00e1rska diel\u0148a TeWoo","description":"V\u00fdrobky z dreva","publisher":{"@id":"https:\/\/tewoo.sk\/#organization"},"potentialAction":[{"@type":"SearchAction","target":{"@type":"EntryPoint","urlTemplate":"https:\/\/tewoo.sk\/?s={search_term_string}"},"query-input":{"@type":"PropertyValueSpecification","valueRequired":true,"valueName":"search_term_string"}}],"inLanguage":"sk-SK"},{"@type":"Organization","@id":"https:\/\/tewoo.sk\/#organization","name":"Drev\u00e1rska diel\u0148a TeWoo","url":"https:\/\/tewoo.sk\/","logo":{"@type":"ImageObject","inLanguage":"sk-SK","@id":"https:\/\/tewoo.sk\/#\/schema\/logo\/image\/","url":"https:\/\/tewoo.sk\/wp-content\/uploads\/2021\/10\/logo-na-web3.png","contentUrl":"https:\/\/tewoo.sk\/wp-content\/uploads\/2021\/10\/logo-na-web3.png","width":700,"height":700,"caption":"Drev\u00e1rska diel\u0148a TeWoo"},"image":{"@id":"https:\/\/tewoo.sk\/#\/schema\/logo\/image\/"},"sameAs":["https:\/\/www.facebook.com\/tewoo.sk","https:\/\/www.instagram.com\/tewoo_sk\/","https:\/\/sk.pinterest.com\/TewooSK\/"]}]}},"jetpack_sharing_enabled":true,"_links":{"self":[{"href":"https:\/\/tewoo.sk\/index.php?rest_route=\/wp\/v2\/product\/919","targetHints":{"allow":["GET"]}}],"collection":[{"href":"https:\/\/tewoo.sk\/index.php?rest_route=\/wp\/v2\/product"}],"about":[{"href":"https:\/\/tewoo.sk\/index.php?rest_route=\/wp\/v2\/types\/product"}],"replies":[{"embeddable":true,"href":"https:\/\/tewoo.sk\/index.php?rest_route=%2Fwp%2Fv2%2Fcomments&post=919"}],"wp:featuredmedia":[{"embeddable":true,"href":"https:\/\/tewoo.sk\/index.php?rest_route=\/wp\/v2\/media\/920"}],"wp:attachment":[{"href":"https:\/\/tewoo.sk\/index.php?rest_route=%2Fwp%2Fv2%2Fmedia&parent=919"}],"wp:term":[{"taxonomy":"product_brand","embeddable":true,"href":"https:\/\/tewoo.sk\/index.php?rest_route=%2Fwp%2Fv2%2Fproduct_brand&post=919"},{"taxonomy":"product_cat","embeddable":true,"href":"https:\/\/tewoo.sk\/index.php?rest_route=%2Fwp%2Fv2%2Fproduct_cat&post=919"},{"taxonomy":"product_tag","embeddable":true,"href":"https:\/\/tewoo.sk\/index.php?rest_route=%2Fwp%2Fv2%2Fproduct_tag&post=919"}],"curies":[{"name":"wp","href":"https:\/\/api.w.org\/{rel}","templated":true}]}}